 divided by 15.
12
What is the remainder when 133 is divided by 17?
14
What is the remainder when 536 is divided by 37?
18
Calculate the remainder when 1538 is divided by 172.
162
What is the remainder when 218 is divided by 76?
66
Calculate the remainder when 1054 is divided by 24.
22
What is the remainder when 60 is divided by 57?
3
Calculate the remainder when 2022 is divided by 11.
9
Calculate the remainder when 444 is divided by 113.
105
What is the remainder when 96 is divided by 23?
4
What is the remainder when 272 is divided by 110?
52
Calculate the remainder when 254 is divided by 58.
22
What is the remainder when 52 is divided by 9?
7
What is the remainder when 94 is divided by 33?
28
What is the remainder when 94 is divided by 25?
19
Calculate the remainder when 145 is divided by 31.
21
What is the remainder when 507 is divided by 105?
87
What is the remainder when 206 is divided by 93?
20
What is the remainder when 3908 is divided by 23?
21
Calculate the remainder when 237 is divided by 70.
27
Calculate the remainder when 943 is divided by 22.
19
What is the remainder when 3309 is divided by 9?
6
What is the remainder when 476 is divided by 120?
116
What is the remainder when 1202 is divided by 58?
42
What is the remainder when 534 is divided by 107?
106
What is the remainder when 257 is divided by 86?
85
Calculate the remainder when 373 is divided by 17.
16
Calculate the remainder when 7054 is divided by 144.
142
What is the remainder when 262 is divided by 33?
31
Calculate the remainder when 299 is divided by 31.
20
Calculate the remainder when 3688 is divided by 30.
28
Calculate the remainder when 641 is divided by 31.
21
What is the remainder when 2021 is divided by 25?
21
What is the remainder when 5127 is divided by 3?
0
What is the remainder when 165 is divided by 42?
39
What is the remainder when 3039 is divided by 15?
9
Calculate the remainder when 84 is divided by 5.
4
Calculate the remainder when 2621 is divided by 7.
3
Calculate the remainder when 283 is divided by 84.
31
Calculate the remainder when 537 is divided by 77.
75
What is the remainder when 1911 is divided by 162?
129
Calculate the remainder when 25874 is divided by 229.
226
What is the remainder when 177 is divided by 27?
15
Calculate the remainder when 1948 is divided by 31.
26
Calculate the remainder when 398 is divided by 21.
20
What is the remainder when 376 is divided by 43?
32
Calculate the remainder when 5316 is divided by 13.
12
Calculate the remainder when 154 is divided by 21.
7
What is the remainder when 506 is divided by 5?
1
What is the remainder when 9 is divided by 9?
0
Calculate the remainder when 81 is divided by 21.
18
What is the remainder when 1195 is divided by 143?
51
What is the remainder when 75 is divided by 51?
24
What is the remainder when 327 is divided by 179?
148
Calculate the remainder when 249 is divided by 28.
25
Calculate the remainder when 489 is divided by 25.
14
What is the remainder when 2176 is divided by 59?
52
Calculate the remainder when 19529 is divided by 6505.
14
What is the remainder when 1604 is divided by 400?
4
Calculate the remainder when 1704 is divided by 2.
0
What is the remainder when 286 is divided by 3?
1
Calculate the remainder when 4242 is divided by 25.
17
Calculate the remainder when 1007 is divided by 28.
27
Calculate the remainder when 2239 is divided by 222.
19
Calculate the remainder when 229 is divided by 59.
52
What is the remainder when 85 is divided by 11?
8
Calculate the remainder when 366 is divided by 116.
18
What is the remainder when 1546 is divided by 259?
251
Calculate the remainder when 81 is divided by 27.
0
What is the remainder when 723 is divided by 21?
9
Calculate the remainder when 359 is divided by 84.
23
Calculate the remainder when 139 is divided by 29.
23
Calculate the remainder when 1507 is divided by 137.
0
Calculate the remainder when 45 is divided by 30.
15
What is the remainder when 137 is divided by 119?
18
What is the remainder when 238 is divided by 51?
34
What is the remainder when 2669 is divided by 3?
2
Calculate the remainder when 10529 is divided by 48.
17
What is the remainder when 2959 is divided by 31?
14
Calculate the remainder when 1022 is divided by 171.
167
Calculate the remainder when 1179 is divided by 79.
73
Calculate the remainder when 6106 is divided by 197.
196
Calculate the remainder when 347 is divided by 117.
113
What is the remainder when 6609 is divided by 35?
29
Calculate the remainder when 464 is divided by 457.
7
Calculate the remainder when 560 is divided by 203.
154
Calculate the remainder when 1884 is divided by 96.
60
Calculate the remainder when 792 is divided by 13.
12
Calculate the remainder when 269 is divided by 59.
33
Calculate the remainder when 11 is divided by 3.
2
Calculate the remainder when 243 is divided by 241.
2
Calculate the remainder when 82 is divided by 29.
24
What is the remainder when 39 is divided by 10?
9
What is the remainder when 591 is divided by 18?
15
Calculate the remainder when 608 is divided by 13.
10
What is the remainder when 44 is divided by 37?
7
What is the remainder when 37 is divided by 23?
14
What is the remainder when 4285 is divided by 33?
28
Calculate the remainder when 217 is divided by 13.
9
What is the remainder when 124 is divided by 39?
7
What is the remainder when 157 is divided by 24?
13
What is the remainder when 563 is divided by 5?
3
What is the remainder when 3273 is divided by 18?
15
What is the remainder when 375 is divided by 27?
24
Calculate the remainder when 162 is divided by 73.
16
Calculate the remainder when 498 is divided by 20.
18
Calculate the remainder when 16 is divided by 11.
5
Calculate the remainder when 667 is divided by 14.
9
What is the remainder when 132 is divided by 116?
16
Calculate the remainder when 1268 is divided by 15.
8
What is the remainder when 62 is divided by 22?
18
Calculate the remainder when 41350 is divided by 62.
58
What is the remainder when 255 is divided by 30?
15
Calculate the remainder when 284 is divided by 76.
56
Calculate the remainder when 1083 is divided by 309.
156
What is the remainder when 1451 is divided by 208?
203
Calculate the remainder when 545 is divided by 115.
85
Calculate the remainder when 11 is divided by 9.
2
What is the remainder when 371 is divided by 75?
71
Calculate the remainder when 532 is divided by 79.
58
Calculate the remainder when 699 is divided by 335.
29
What is the remainder when 1511 is divided by 13?
3
What is the remainder when 930 is divided by 225?
30
What is the remainder when 447 is divided by 237?
210
Calculate the remainder when 31810 is divided by 241.
239
Calculate the remainder when 48 is divided by 20.
8
Calculate the remainder when 218 is divided by 60.
38
Calculate the remainder when 385 is divided by 77.
0
What is the remainder when 1254 is divided by 18?
12
What is the remainder when 242 is divided by 9?
8
Calculate the remainder when 610 is divided by 71.
42
What is the remainder when 322 is divided by 52?
10
What is the remainder when 330 is divided by 71?
46
Calculate the remainder when 222 is divided by 113.
109
What is the remainder when 95 is divided by 11?
7
What is the remainder when 36 is divided by 18?
0
What is the remainder when 610 is divided by 594?
16
What is the remainder when 245 is divided by 62?
59
Calculate the remainder when 101 is divided by 34.
33
Calculate the remainder when 107 is divided by 58.
49
Calculate the remainder when 262 is divided by 88.
86
Calculate the remainder when 234 is divided by 113.
8
What is the remainder when 2742 is divided by 4?
2
Calculate the remainder when 71 is divided by 10.
1
What is the remainder when 3106 is divided by 21?
19
Calculate the remainder when 470 is divided by 110.
30
Calculate the remainder when 359 is divided by 196.
163
Calculate the remainder when 14909 is divided by 35.
34
What is the remainder when 194 is divided by 89?
16
What is the remainder when 3194 is divided by 1061?
11
What is the remainder when 1763 is divided by 74?
61
What is the remainder when 140 is divided by 85?
55
Calculate the remainder when 664 is divided by 56.
48
Calculate the remainder when 11212 is divided by 63.
61
Calculate the remainder w